) = 34*q**3 + 1633*q**2 + 49*q + 73. What is a(-48)?
25
Let l(j) = j**3 - 15*j**2 + 39*j - 130. Calculate l(13).
39
Let a(j) = 2*j**3 + 45*j**2 + 2*j - 390. Give a(-22).
50
Let a(q) = -q**3 - 6*q**2 + 14*q + 95. Determine a(-5).
0
Let h(x) = x**3 - 31*x**2 - 78*x + 561. Calculate h(33).
165
Let l(h) = -h**3 - 33*h**2 + 19*h + 600. Calculate l(-33).
-27
Let j(o) = 119*o - 2322. Calculate j(20).
58
Let r(x) = x**2 - 49*x - 4659. What is r(97)?
-3
Let x(h) = -73*h**2 + 6*h. Give x(1).
-67
Let m(d) = -30*d - 390. Calculate m(-13).
0
Let l(a) = 392*a + 1970. What is l(-5)?
10
Let r(s) = -146*s - 3539. Give r(-26).
257
Let v(a) = -67*a + 1043. Calculate v(16).
-29
Let i(p) = -p**3 - 14*p**2 - 8*p + 95. Calculate i(-13).
30
Let t(m) = m**2 - 18*m - 98. Determine t(-9).
145
Let q(w) = 9*w**2 + 13*w + 12. Determine q(3).
132
Let a(z) = 2*z**2 + 13*z - 215. Give a(14).
359
Let h(x) = 11*x**2 - 406*x + 1218. Calculate h(3).
99
Let j(d) = -2*d**3 + 118*d**2 + 1075*d - 187. Give j(67).
14
Let n(t) = -9*t**2 + 159*t - 375. Determine n(15).
-15
Let f(y) = 2*y**3 - 28*y**2 + 5*y - 133. Determine f(14).
-63
Let k(t) = -t**2 + 30*t + 724. What is k(46)?
-12
Let o(p) = -3*p**2 + 26*p - 63. Determine o(16).
-415
Let r(c) = -3*c**2 - 5035*c - 5036. Determine r(-1).
-4
Let w(c) = -4*c + 75. What is w(-25)?
175
Let v(g) = g**2 + 63*g + 162. Calculate v(-60).
-18
Let k(q) = q**3 + 26*q**2 - 49*q + 213. Give k(-28).
17
Let o(b) = 835*b - 4179. Calculate o(5).
-4
Let u(k) = 4*k**2 - 355*k - 1201. Determine u(92).
-5
Let h(y) = 7*y**2 + y + 94. What is h(-6)?
340
Let p(g) = 2*g**3 - 54*g**2 + 142*g + 59. What is p(24)?
11
Let o(m) = -m**3 - 19*m**2 - 153*m - 1686. Give o(-16).
-6
Let j(h) = 79*h + 760. Determine j(-10).
-30
Let u(o) = o**3 + 16*o**2 + 2*o + 96. What is u(0)?
96
Let z(w) = -126*w**2 - 5920*w + 90. Determine z(-47).
-4
Let s(n) = -2*n**2 - 85*n - 539. Give s(-27).
298
Let g(k) = 149*k - 890. Determine g(6).
4
Let l(c) = -c**3 + 7*c**2 + 94*c + 48. What is l(14)?
-8
Let x(a) = -2*a**2 + 266*a + 845. What is x(136)?
29
Let n(y) = 110*y - 3132. Calculate n(29).
58
Let i(r) = 60*r + 1175. Give i(-20).
-25
Let c(v) = v**3 + 16*v**2 - 571*v - 9131. Determine c(-16).
5
Let z(l) = 116*l + 168. Determine z(0).
168
Let g(j) = -8*j**3 + 8*j**2 - 4*j - 1. Give g(1).
-5
Let r(d) = d**2 + 18*d + 47. Give r(-4).
-9
Let b(m) = m**3 - 144*m**2 + 563*m - 352. Calculate b(140).
68
Let h(c) = -5*c**2 + 149*c - 872. Give h(8).
0
Let g(c) = -c**3 + 52*c**2 - 65*c + 709. What is g(51)?
-5
Let g(j) = -121*j + 249. Calculate g(2).
7
Let a(y) = y**3 + 16*y**2 - 5*y - 155. Give a(-16).
-75
Let n(g) = g**3 + 5*g**2 + 61*g + 221. Give n(-4).
-7
Let u(l) = l**3 - 12*l - 12. What is u(6)?
132
Let p(w) = w + 2. Give p(-19).
-17
Let b(r) = -r**3 + 17*r**2 - 11*r - 94. Give b(16).
-14
Let w(m) = 3*m**2 + 59*m - 407. Give w(11).
605
Let j(x) = -65*x + 318. Determine j(2).
188
Let d(a) = -25*a + 321. Calculate d(7).
146
Let u(z) = -684*z**2 - 9*z. Give u(-1).
-675
Let y(p) = 337*p + 340. What is y(-1)?
3
Let m(z) = -16*z**2 + 45*z + 103. What is m(6)?
-203
Let b(q) = -214*q + 3202. Determine b(15).
-8
Let o(u) = -101*u + 200. What is o(3)?
-103
Let q(o) = -3*o**2 - 65*o - 75. Calculate q(-21).
-33
Let q(v) = 2965*v + 8902. What is q(-3)?
7
Let i(j) = 362*j + 11564. Calculate i(-32).
-20
Let h(a) = a**3 - 115*a**2 - 108*a - 924. Calculate h(116).
4
Let o(n) = -3*n**2 + 28*n - 132. Determine o(5).
-67
Let a(c) = 2*c**2 - 28*c + 28. Calculate a(17).
130
Let b(f) = -f**2 + 10*f + 79. What is b(-4)?
23
Let j(d) = 21*d - 2120. Determine j(99).
-41
Let z(o) = -o**2 - 152*o + 1446. Determine z(-161).
-3
Let o(p) = p**3 - 17*p**2 + 18*p + 18. Give o(12).
-486
Let g(t) = 143*t + 12868. What is g(-90)?
-2
Let n(g) = -79*g - 6119. What is n(-77)?
-36
Let k(g) = -g**3 - 16*g - 2. Give k(0).
-2
Let f(c) = c**3 + 923*c**2 - 9331*c + 2. Determine f(10).
-8
Let x(k) = -9*k + 2. Determine x(14).
-124
Let p(r) = r**2 - 57*r + 681. What is p(20)?
-59
Let x(q) = -2*q**3 + 59*q**2 - 331*q + 20. Determine x(22).
-2
Let y(r) = -r**3 - 14*r**2 + 9*r - 18. Calculate y(-13).
-304
Let p(n) = -9*n**2 + 339*n - 1845. Determine p(31).
15
Let u(i) = i**2 + 1894*i - 12. Determine u(0).
-12
Let y(u) = 2*u**3 + 173*u**2 - 84*u + 267. What is y(-87)?
6
Let a(x) = x**3 + 29*x**2 + 153*x - 15. Determine a(-22).
7
Let q(z) = z**2 - 97*z + 1978. What is q(68)?
6
Let n(v) = -20*v + 708. Determine n(37).
-32
Let g(f) = -2*f**2 - 338*f - 6477. What is g(-22)?
-9
Let g(v) = v**3 + 103*v**2 + 363*v - 3218. Give g(-99).
49
Let m(y) = y**2 - 181*y - 14469. What is m(241)?
-9
Let y(c) = -2*c**3 - 107*c**2 - 50*c + 157. Calculate y(-53).
-2
Let n(t) = -t**3 + 26*t**2 - 53*t + 24. Calculate n(24).
-96
Let m(r) = -r**3 - 28*r**2 - 147*r - 5104. Give m(-29).
0
Let f(a) = a**3 + 4*a**2 + 201*a + 812. Calculate f(-4).
8
Let b(z) = 5*z + 48. Determine b(-8).
8
Let v(c) = c**2 - 195*c + 6212. Determine v(40).
12
Let i(b) = 5*b**3 - 172*b**2 + 68*b - 8. Give i(34).
-8
Let i(t) = -3*t**2 - 5*t + 121. What is i(5)?
21
Let n(q) = 13*q**3 + 20*q**2 + 2*q + 3. What is n(-2)?
-25
Let o(t) = -t**2 - 22*t + 210. Give o(16).
-398
Let i(c) = 6*c**2 + 264*c - 16. Give i(-44).
-16
Let l(i) = i**2 - 59*i - 131. What is l(61)?
-9
Let b(g) = g**3 + 14*g**2 - 8*g - 21. What is b(-14)?
91
Let f(t) = -20*t - 190. Give f(-14).
90
Let d(v) = 22*v**2 - 3*v - 12. Give d(1).
7
Let u(a) = 2*a**3 - 30*a**2 + 33*a - 20. Calculate u(14).
50
Let u(n) = 456*n + 5. Calculate u(0).
5
Let o(r) = r**2 - 4*r - 26. What is o(5)?
-21
Let l(c) = -569*c + 4565. Determine l(8).
13
Let a(p) = -1293*p + 23271. What is a(18)?
-3
Let d(b) = 6*b - 135. Calculate d(34).
69
Let y(d) = d**3 - 30*d**2 + 40*d - 22. Calculate y(28).
-470
Let v(p) = -59*p**2 + 59*p + 116. Determine v(-2).
-238
Let x(r) = -r**3 + 17*r**2 + 35*r + 5. Give x(19).
-52
Let t(v) = v**2 - v - 582. Determine t(-24).
18
Let z(q) = 22*q - 2072. Calculate z(96).
40
Let x(o) = 2*o**2 + 66*o - 27. What is x(-26)?
-391
Let d(x) = -x**3 - 6*x**2 + 13*x - 2. Give d(2).
-8
Let v(l) = 221*l - 980. Calculate v(5).
125
Let v(o) = 15*o - 211. Give v(14).
-1
Let z(g) = -26*g**3 - g**2 + 1. Give z(1).
-26
Let f(g) = -117*g + 2229. Give f(19).
6
Let c(r) = r**2 + 2*r - 39. Determine c(15).
216
Let r(u) = -1983*u - 9908. Determine r(-5).
7
Let b(f) = 3*f**2 - 5098*f - 25554. Give b(-5).
11
Let a(x) = -3*x**2 - 64*x - 186. Determine a(-5).
59
Let q(h) = -h**3 + 69*h**2 + 135*h + 562. What is q(71)?
65
Let t(q) = q**3 + 4*q**2 + 23*q + 140. Calculate t(-5).
0
Let i(t) = t**3 - 77*t**2 - 775*t + 104. Determine i(86).
18
Let j(p) = -5*p**2 + 112*p + 729. Determine j(-6).
-123
Let j(v) = -47*v - 194. What is j(-4)?
-6
Let b(i) = 525*i + 6284. Calculate b(-12).
-16
Let w(k) = k**3 + 15*k**2 + 9*k - 21. Give w(-14).
49
Let r(h) = 3*h**2 - 58*h - 180. What is r(23)?
73
Let q(v) = -4*v**3 - 852*v**2 + v + 222. What is q(-213)?
9
Let x(j) = -j**2 + 224*j - 8452. What is x(48)?
-4
Let t(p) = 20*p**2 - 217*p + 539. Calculate t(4).
-9
Let f(j) = -5*j + 78. Give f(-20).
178
Let l(w) = -12*w**2 - 287*w - 722. What is l(-21)?
13
Let m(a) = 106*a + 3905. Give m(-37).
-17
Let o(x) = 68*x**2 + 49*x - 14. Give o(-1).
5
Let g(c) = -2*c**3 + 3*c**2 - 1556*c + 3104. Give g(2).
-12
Let z(g) = -28*g**2 + 126*g + 6. Calculate z(5).
-64
Let r(d) = 28*d + 23. Determine r(5).
163
Let v(q) = 14*q**2 - 82*q + 114. Give v(4).
10
Let j(a) = -1272*a + 16515. What is j(13)?
-21
Let w(s) = -s**3 - 17*s - 47. Determine w(-3).
31
Let b(i) = -13*i**2 - 64*i - 121. Determine b(-2).
-45
Let y(h) = -2*h**3 - 12*h**2 - 11*h + 5. Calculate y(-5).
10
Let m(g) = -g**3 - 60*g**2 - 80*g - 1019. Calculate m(-59).
220
Let z(k) = -4*k**3 + 23*k**2 - 30*k - 12. Calculate z(3).
-3
Let a(f) = f**3 + 68*f**2 + 258*f + 85. Determine a(-64).
-43
Let p(w) = -w**3 - 5*w**2 - 24*w - 538. What is p(-9)?
2
Let z(b) = 171*b + 660. What is z(-4)?
-24
Let l(o) = -o**3 - 65*o**2 - 1034*o - 210. Determine l(-27).
6
Let g(b) = b**3 + 12*b**2 - 32*b - 50. Give g(-14).
6
Let m(b) = -b**3 - 31*b**2 - 108*b - 136. Determine m(-27).
-136
Let r(g) = -g**3 - 20*g**2 - 30*g + 51. What is r(-18)?
-57
Let j(l) = l**2 + 64*l + 724. Calculate j(-12).
100
Let z(a) = -a**2 + 17*a - 14. What is z(15)?
16
Let b(l) 